s = w + -1. Calculate the greatest common divisor of s and 48.
6
Suppose 0 = -5*b - 3 - 27. Let r be b/30 + 62/10. Suppose 2*l + j = 36, 0*j + 36 = 2*l - 5*j. What is the greatest common divisor of l and r?
6
Let d(i) = -55*i + 2. Let a be d(4). Let z be 2/4 + a/(-4). Suppose 0 = 4*w - 16, 0 = -2*q - 0*q + w + 18. What is the greatest common factor of q and z?
11
Let v = 88 + -52. Calculate the highest common factor of 12 and v.
12
Let x = -57 + 129. What is the greatest common factor of 9 and x?
9
Let h = 4 - -7. Let v(n) = -2*n**3 - n**2 + 3. Let i be v(-3). Suppose 5*m - 30 = -3*j - 2*j, 0 = 3*j - 3*m - i. Calculate the highest common factor of j and h.
11
Let a(y) = -155*y**3 + y**2 + 5*y + 5. Let c be a(-1). Calculate the greatest common divisor of 12 and c.
12
Suppose -a + 7 = 3. Let q = a + -3. Let x be 13 - ((0 - 0) + q). Calculate the highest common factor of x and 84.
12
Suppose -241 = -5*b + 134. Calculate the highest common divisor of 25 and b.
25
Suppose 5*i - 2*u = 231, 5*i = 4*u - u + 234. Let n be (-92)/(-10) + (-2)/10. What is the highest common factor of i and n?
9
Let u be 3 - (-16 - (-4 - -8)). Calculate the highest common divisor of u and 23.
23
Let f be 90*(15/(-10) - -2). Suppose x - 19 = -i - 4*i, -3*i - 12 = -2*x. What is the highest common divisor of f and x?
9
Suppose -d - 16 = 2*g + 3*g, 2*d = 3*g + 7. Let b = d - -2. Let l = 2 + -1. Calculate the highest common divisor of b and l.
1
Let t be 6 + (-2 - -2) + 2. Let z = t + 37. Calculate the highest common divisor of z and 15.
15
Suppose 4*c - 3 = 41. Let o(f) = -10*f + 1. Let b be o(-1). Calculate the greatest common factor of b and c.
11
Suppose -3*h + l + 15 = -l, 4*h = 3*l + 21. Suppose 99 = k + h. Suppose 0 = -2*g - 7 + 3, -4*g = 2*z - 16. Calculate the greatest common divisor of k and z.
12
Suppose 0*k + 2*u = k + 3, -4*u + 1 = -3*k. Suppose 2 = -3*r - 1. Let p be (r/1)/((-4)/40). What is the highest common divisor of k and p?
5
Let o be (-37)/(-2) - 20/8. Let s(p) = -p**3 - p**2 + 8*p + 4. Let a be s(-5). Calculate the greatest common divisor of o and a.
16
Suppose -2*w - 121 = -49. Let i be (-7)/(-1)*w/(-14). Calculate the highest common divisor of 18 and i.
18
Let v = 31 - 49. Let z = -11 - v. What is the greatest common divisor of z and 7?
7
Suppose -4*p = -3*k - 71, -5*p + 112 = -k + 5*k. Let v = p - 8. What is the greatest common factor of v and 12?
12
Suppose -3*m + 13 = -4*j, 2*m - 5*j + j - 10 = 0. Suppose m*r - 81 = -18. Let h = -30 - -198. Calculate the highest common factor of r and h.
21
Let b = -22 + 47. What is the highest common factor of 5 and b?
5
Let y(c) = c**2 - c - 6. Let t be y(6). What is the greatest common divisor of 4 and t?
4
Suppose 8*h - 420 = -124. Calculate the highest common divisor of 185 and h.
37
Let z be 11*(1 + 1)*1. Let f be 1 + z - (-9 - -12). Calculate the greatest common divisor of f and 10.
10
Let x be (-26)/(-4) - (-9)/(-6)*-1. What is the greatest common divisor of 56 and x?
8
Suppose -5*r - 202 = 273. Suppose -v = 2*v - 441. Let u = v + r. What is the greatest common divisor of u and 13?
13
Let d(n) = 1909*n**3 + 2*n + 1. Let s be d(-1). Let x be s/15*(-6)/4. Let y = x + -121. Calculate the highest common divisor of 10 and y.
10
Let s be (-1)/(-1) + 4 + -3. Suppose s*k = 6*k - 120. Calculate the highest common factor of k and 45.
15
Let n(h) = h**2 - 4*h + 6. Let o be n(-6). Suppose 0 = -2*u + 6 + 6. Calculate the greatest common factor of u and o.
6
Let d be (-540)/(0 - 6)*1. Let l(u) = u - 4. Let i be l(6). Suppose -5*c + 4*s + 30 = 0, -2*c = i*s - 3*s - 15. Calculate the greatest common factor of c and d.
10
Let l = 27 + -12. Let j be 166 + -5 + (-2 - -6). Calculate the greatest common factor of l and j.
15
Let o(d) = -d**3 + 7*d**2 - 3*d + 7. Let z be o(6). Let q = 9 + z. Suppose 5*v = 3*v + 34. What is the greatest common divisor of v and q?
17
Let o(t) = -9*t**3 - t**2 - t. Let k(w) = -6*w + 4*w**2 - 7 - w - 5*w**2. Let z be k(-6). Let q be o(z). What is the greatest common divisor of q and 9?
9
Suppose 2*w - 64 = -4*t, -2*w = -3*t - 39 - 46. Let d be (-3)/(-12) - (-35)/4. Suppose 0 = -d*o + 6*o + 171. What is the highest common factor of o and w?
19
Suppose p - 4 = 12. Let j = -104 - -232. What is the greatest common divisor of p and j?
16
Suppose h = -0 + 3. Suppose -4*p - 20 + 56 = 0. Suppose p + h = 4*x. What is the highest common divisor of 1 and x?
1
Let z(d) = -1 - 31*d + 7*d + 0. Let p be z(-1). Calculate the highest common factor of 253 and p.
23
Let w(p) = -p**2 + 11*p - 2. Let c be w(5). Suppose 0 = 5*i + 149 - 1099. Let y = -120 + i. Calculate the greatest common factor of c and y.
14
Let i(h) = -h**3 + 42. Let z be i(0). Let p = -73 + 87. What is the highest common factor of p and z?
14
Let b = -83 + 248. What is the greatest common factor of b and 15?
15
Let y be 2*(-2 + (-21)/(-6)). Suppose -9 = -y*f + 4*s + 13, 30 = 4*f - 5*s. Calculate the greatest common divisor of f and 10.
10
Let h be (0 - (-2 + 3)) + -12. Let l = 73 + h. Let p be (-60)/8*(-4 + 2). What is the highest common factor of p and l?
15
Let c be ((-10)/(-6))/((-14)/(-42)). Calculate the greatest common factor of c and 1.
1
Suppose 4*o + 2*j = 15 + 7, -j - 9 = -2*o. Suppose -2*d = d - 15. What is the greatest common factor of d and o?
5
Let d(h) = 35*h - 1. Let q be d(1). Let p = 79 + 77. Suppose -3*r + 57 = 4*v - p, 195 = 4*v - 3*r. Calculate the greatest common factor of v and q.
17
Let b = 226 - 106. Calculate the greatest common divisor of 15 and b.
15
Let y(t) = t**3 + 16*t**2 - 3*t + 5. Let b be y(-15). Let u(d) = -13*d - 1. Let i be u(-2). Calculate the greatest common factor of i and b.
25
Suppose 2*p - 4*p = -4. Let l(x) = x + 9. Let f be -6 + (1 - 2 - -3). Let s be l(f). Calculate the highest common divisor of s and p.
1
Let u(g) = 13*g**2 + 3. Let s be u(2). Calculate the highest common divisor of 220 and s.
55
Let h be -55*(-2)/((-10)/(-1)). What is the highest common factor of 11 and h?
11
Let x be (-4)/28 + 198/14. What is the greatest common divisor of x and 154?
14
Suppose 3*w = -j + 23, -4*j - w - 2*w + 56 = 0. Suppose 5 = 2*n - j. What is the greatest common divisor of 88 and n?
8
Let t be 3*23/3*-1. Let z = t + -50. Let a = z + 121. Calculate the highest common divisor of 6 and a.
6
Let x be -6 - -3 - 0 - -39. What is the greatest common factor of x and 12?
12
Suppose -w - 3*w + 68 = 4*x, x + 1 = 0. What is the greatest common divisor of w and 18?
18
Suppose -t - 3*t = -124. What is the highest common factor of t and 279?
31
Let w(n) = n**2 + 7*n + 6. Let i be w(-6). Suppose i = 2*o - 4*o + 32. What is the highest common factor of 40 and o?
8
Let k = 0 - -3. Suppose 0 = 3*f + 3, -4*f = -k*p + 35 + 2. Let b = -13 + 68. What is the greatest common divisor of p and b?
11
Let v(c) = 5*c**2 - 3*c - 3. Let h be -3*1*(-2 - -1). Let m be v(h). Let d(t) = t**2 - 2*t - 4. Let x be d(5). Calculate the highest common factor of x and m.
11
Let n be (-2)/(-3) - (-100)/12. Suppose 0 = -n*p + 4*p - 510. Let w = p + 201. Calculate the greatest common divisor of w and 9.
9
Suppose a = -a + 8. Suppose h - 8 = -a*b, -h + 12 = 2*b + b. Calculate the highest common divisor of 36 and h.
12
Let c be (-2)/11 + 444/22. Calculate the greatest common divisor of c and 4.
4
Let h = 81 - 53. Calculate the greatest common divisor of h and 7.
7
Let g be 6/4 + 2/4. Suppose g*s + 2*z - 244 = 0, -s - 33 + 157 = 3*z. What is the highest common divisor of s and 11?
11
Let c(p) = p**3 + 4*p**2 + 1. Suppose 23 = -4*l + 7. Let w be c(l). Let n be (-5)/5*(-5 + w). Calculate the highest common factor of 44 and n.
4
Let q be (-4)/(2/(-4) + 0). Calculate the highest common factor of q and 56.
8
Let k be (-7 + -2)/((-21)/280). Calculate the greatest common divisor of k and 24.
24
Suppose 3 = p - 2. Suppose 4*u - 17 = 3*u + p*y, -y - 1 = 0. What is the highest common divisor of u and 48?
12
Let k be (3 - 2)/(2/8). Suppose -4*z + 557 = -5*b, -k*b - b + 15 = 0. What is the highest common factor of z and 13?
13
Suppose -g = 20 - 92. Calculate the highest common divisor of 8 and g.
8
Let a = -3 - -14. What is the highest common factor of a and 1?
1
Suppose -5*c - 8 = 2*f + 10, 5*c + 22 = 2*f. Calculate the greatest common divisor of f and 4.
1
Let f be ((0 +